{"id":2364,"date":"2021-02-20T17:23:01","date_gmt":"2021-02-20T14:23:01","guid":{"rendered":"http:\/\/gab.org.tr\/site\/?page_id=2364"},"modified":"2021-02-20T17:25:02","modified_gmt":"2021-02-20T14:25:02","slug":"akademik-calisma-grubu-katilim-formu","status":"publish","type":"page","link":"https:\/\/gab.org.tr\/site\/akademik-calisma-grubu-katilim-formu\/","title":{"rendered":"Akademik \u00c7al\u0131\u015fma Grubu Kat\u0131l\u0131m Formu"},"content":{"rendered":"\t\t<div data-elementor-type=\"wp-page\" data-elementor-id=\"2364\" class=\"elementor elementor-2364\" data-elementor-settings=\"[]\">\n\t\t\t\t\t\t<div class=\"elementor-inner\">\n\t\t\t\t\t\t\t<div class=\"elementor-section-wrap\">\n\t\t\t\t\t\t\t<section class=\"elementor-section elementor-top-section elementor-element elementor-element-6ff2ff7 elementor-section-boxed elementor-section-height-default elementor-section-height-default\" data-id=\"6ff2ff7\" data-element_type=\"section\" data-settings=\"{&quot;background_background&quot;:&quot;classic&quot;}\">\n\t\t\t\t\t\t\t<div class=\"elementor-background-overlay\"><\/div>\n\t\t\t\t\t\t\t<div class=\"elementor-container elementor-column-gap-no\">\n\t\t\t\t\t\t\t<div class=\"elementor-row\">\n\t\t\t\t\t<div class=\"elementor-column elementor-col-100 elementor-top-column elementor-element elementor-element-d4acc06\" data-id=\"d4acc06\" data-element_type=\"column\">\n\t\t\t<div class=\"elementor-column-wrap elementor-element-populated\">\n\t\t\t\t\t\t\t<div class=\"elementor-widget-wrap\">\n\t\t\t\t\t\t<div class=\"elementor-element elementor-element-bee4950 elementor-widget elementor-widget-heading\" data-id=\"bee4950\" data-element_type=\"widget\" data-widget_type=\"heading.default\">\n\t\t\t\t<div class=\"elementor-widget-container\">\n\t\t\t<h2 class=\"elementor-heading-title elementor-size-default\">Akademik \u00c7al\u0131\u015fma Grubu Kat\u0131l\u0131m Formu<\/h2>\t\t<\/div>\n\t\t\t\t<\/div>\n\t\t\t\t\t\t<\/div>\n\t\t\t\t\t<\/div>\n\t\t<\/div>\n\t\t\t\t\t\t\t\t<\/div>\n\t\t\t\t\t<\/div>\n\t\t<\/section>\n\t\t\t\t<section class=\"elementor-section elementor-top-section elementor-element elementor-element-dbdf9ac elementor-section-content-middle elementor-section-boxed elementor-section-height-default elementor-section-height-default\" data-id=\"dbdf9ac\" data-element_type=\"section\">\n\t\t\t\t\t\t<div class=\"elementor-container elementor-column-gap-no\">\n\t\t\t\t\t\t\t<div class=\"elementor-row\">\n\t\t\t\t\t<div class=\"elementor-column elementor-col-33 elementor-top-column elementor-element elementor-element-885cb99\" data-id=\"885cb99\" data-element_type=\"column\">\n\t\t\t<div class=\"elementor-column-wrap elementor-element-populated\">\n\t\t\t\t\t\t\t<div class=\"elementor-widget-wrap\">\n\t\t\t\t\t\t<div class=\"elementor-element elementor-element-be7bb63 elementor-widget elementor-widget-heading\" data-id=\"be7bb63\" data-element_type=\"widget\" data-widget_type=\"heading.default\">\n\t\t\t\t<div class=\"elementor-widget-container\">\n\t\t\t<h2 class=\"elementor-heading-title elementor-size-default\">Akademik \u00c7al\u0131\u015fma Grubu Kat\u0131l\u0131m Formu<\/h2>\t\t<\/div>\n\t\t\t\t<\/div>\n\t\t\t\t\t\t<\/div>\n\t\t\t\t\t<\/div>\n\t\t<\/div>\n\t\t\t\t<div class=\"elementor-column elementor-col-66 elementor-top-column elementor-element elementor-element-105f188\" data-id=\"105f188\" data-element_type=\"column\">\n\t\t\t<div class=\"elementor-column-wrap elementor-element-populated\">\n\t\t\t\t\t\t\t<div class=\"elementor-widget-wrap\">\n\t\t\t\t\t\t<div class=\"elementor-element elementor-element-6b35977 elementor-widget elementor-widget-wpforms\" data-id=\"6b35977\" data-element_type=\"widget\" data-widget_type=\"wpforms.default\">\n\t\t\t\t<div class=\"elementor-widget-container\">\n\t\t\t<div class=\"wpforms-container \" id=\"wpforms-2363\"><form id=\"wpforms-form-2363\" class=\"wpforms-validate wpforms-form\" data-formid=\"2363\" method=\"post\" enctype=\"multipart\/form-data\" action=\"\/site\/wp-json\/wp\/v2\/pages\/2364\" data-token=\"a3635f15585eb0e781cc288181bc944a\"><noscript class=\"wpforms-error-noscript\">Please enable JavaScript in your browser to complete this form.<\/noscript><div class=\"wpforms-field-container\"><div id=\"wpforms-2363-field_0-container\" class=\"wpforms-field wpforms-field-name\" data-field-id=\"0\"><label class=\"wpforms-field-label\" for=\"wpforms-2363-field_0\">Ad-Soyad <span class=\"wpforms-required-label\">*<\/span><\/label><input type=\"text\" id=\"wpforms-2363-field_0\" class=\"wpforms-field-medium wpforms-field-required\" name=\"wpforms[fields][0]\" required><\/div><div id=\"wpforms-2363-field_2-container\" class=\"wpforms-field wpforms-field-text\" data-field-id=\"2\"><label class=\"wpforms-field-label\" for=\"wpforms-2363-field_2\">Cep Telefonu <span class=\"wpforms-required-label\">*<\/span><\/label><input type=\"text\" id=\"wpforms-2363-field_2\" class=\"wpforms-field-medium wpforms-field-required\" name=\"wpforms[fields][2]\" required><\/div><div id=\"wpforms-2363-field_6-container\" class=\"wpforms-field wpforms-field-text\" data-field-id=\"6\"><label class=\"wpforms-field-label\" for=\"wpforms-2363-field_6\">Ya\u015fad\u0131\u011f\u0131 \u015eehir <span class=\"wpforms-required-label\">*<\/span><\/label><input type=\"text\" id=\"wpforms-2363-field_6\" class=\"wpforms-field-medium wpforms-field-required\" name=\"wpforms[fields][6]\" required><\/div><div id=\"wpforms-2363-field_1-container\" class=\"wpforms-field wpforms-field-email\" data-field-id=\"1\"><label class=\"wpforms-field-label\" for=\"wpforms-2363-field_1\">e-Posta <span class=\"wpforms-required-label\">*<\/span><\/label><input type=\"email\" id=\"wpforms-2363-field_1\" class=\"wpforms-field-medium wpforms-field-required\" name=\"wpforms[fields][1]\" required><\/div><div id=\"wpforms-2363-field_3-container\" class=\"wpforms-field wpforms-field-select wpforms-field-select-style-classic\" data-field-id=\"3\"><label class=\"wpforms-field-label\" for=\"wpforms-2363-field_3\">E\u011fitim <span class=\"wpforms-required-label\">*<\/span><\/label><select id=\"wpforms-2363-field_3\" class=\"wpforms-field-medium wpforms-field-required\" name=\"wpforms[fields][3]\" required=\"required\"><option value=\"Lisans\" >Lisans<\/option><option value=\"Y\u00fcksek Lisans\" >Y\u00fcksek Lisans<\/option><option value=\"Doktora\" >Doktora<\/option><\/select><\/div><div id=\"wpforms-2363-field_4-container\" class=\"wpforms-field wpforms-field-text\" data-field-id=\"4\"><label class=\"wpforms-field-label\" for=\"wpforms-2363-field_4\">\u00dcniversite <span class=\"wpforms-required-label\">*<\/span><\/label><input type=\"text\" id=\"wpforms-2363-field_4\" class=\"wpforms-field-medium wpforms-field-required\" name=\"wpforms[fields][4]\" required><\/div><div id=\"wpforms-2363-field_9-container\" class=\"wpforms-field wpforms-field-select wpforms-field-select-style-classic\" data-field-id=\"9\"><label class=\"wpforms-field-label\" for=\"wpforms-2363-field_9\">Kat\u0131lmak \u0130stedi\u011finiz Akademik \u00c7al\u0131\u015fma Grubu <span class=\"wpforms-required-label\">*<\/span><\/label><select id=\"wpforms-2363-field_9\" class=\"wpforms-field-medium wpforms-field-required\" name=\"wpforms[fields][9]\" required=\"required\"><option value=\"1. Bilgi ve Belge Y\u00f6netimi\" >1. Bilgi ve Belge Y\u00f6netimi<\/option><option value=\"2. Bili\u015fim Teknolojisi\" >2. Bili\u015fim Teknolojisi<\/option><option value=\"3. Co\u011frafya\" >3. Co\u011frafya<\/option><option value=\"4. Dil Bilimi\" >4. Dil Bilimi<\/option><option value=\"5. Di\u015f Hekimli\u011fi\" >5. Di\u015f Hekimli\u011fi<\/option><option value=\"6. Eczac\u0131l\u0131k\" >6. Eczac\u0131l\u0131k<\/option><option value=\"7. Edebiyat\" >7. Edebiyat<\/option><option value=\"8. E\u011fitim Bilimleri\" >8. E\u011fitim Bilimleri<\/option><option value=\"9. Ekonomi\" >9. Ekonomi<\/option><option value=\"10. Felsefe\" >10. Felsefe<\/option><option value=\"11. Fen Bilimleri\" >11. Fen Bilimleri<\/option><option value=\"12. G\u00fczel Sanatlar\" >12. G\u00fczel Sanatlar<\/option><option value=\"13. Hukuk\" >13. Hukuk<\/option><option value=\"14. \u0130lahiyat\" >14. \u0130lahiyat<\/option><option value=\"15. \u0130leti\u015fim ve Bas\u0131n\" >15. \u0130leti\u015fim ve Bas\u0131n<\/option><option value=\"16. \u0130\u015fletme\" >16. \u0130\u015fletme<\/option><option value=\"17. Matematik\" >17. Matematik<\/option><option value=\"18. Mimarl\u0131k\" >18. Mimarl\u0131k<\/option><option value=\"19. Musiki ve M\u00fczik\" >19. Musiki ve M\u00fczik<\/option><option value=\"20. M\u00fchendislik\" >20. M\u00fchendislik<\/option><option value=\"21. Psikoloji\" >21. Psikoloji<\/option><option value=\"22. Sa\u011fl\u0131k Bilimleri\" >22. Sa\u011fl\u0131k Bilimleri<\/option><option value=\"23. Sa\u011fl\u0131k Y\u00f6netimi\" >23. Sa\u011fl\u0131k Y\u00f6netimi<\/option><option value=\"24. Sanat Tarihi\" >24. Sanat Tarihi<\/option><option value=\"25. Siyaset Bilimi\" >25. Siyaset Bilimi<\/option><option value=\"26. Sosyal Hizmet\" >26. Sosyal Hizmet<\/option><option value=\"27. Sosyoloji\" >27. Sosyoloji<\/option><option value=\"28. Spor Bilimleri\" >28. Spor Bilimleri<\/option><option value=\"29. Tar\u0131m\" >29. Tar\u0131m<\/option><option value=\"30. Tarih\" >30. Tarih<\/option><option value=\"31. T\u0131p\" >31. T\u0131p<\/option><option value=\"32. Uluslararas\u0131 \u0130li\u015fkiler\" >32. Uluslararas\u0131 \u0130li\u015fkiler<\/option><option value=\"33. Veterinerlik\" >33. Veterinerlik<\/option><\/select><\/div><div id=\"wpforms-2363-field_5-container\" class=\"wpforms-field wpforms-field-text\" data-field-id=\"5\"><label class=\"wpforms-field-label\" for=\"wpforms-2363-field_5\">\u00c7al\u0131\u015ft\u0131\u011f\u0131 Alt Alan (Bilim Dal\u0131) ve Konusu <span class=\"wpforms-required-label\">*<\/span><\/label><input type=\"text\" id=\"wpforms-2363-field_5\" class=\"wpforms-field-medium wpforms-field-required\" name=\"wpforms[fields][5]\" required><\/div><div id=\"wpforms-2363-field_8-container\" class=\"wpforms-field wpforms-field-radio\" data-field-id=\"8\"><label class=\"wpforms-field-label\" for=\"wpforms-2363-field_8\">\u00dcyelik <span class=\"wpforms-required-label\">*<\/span><\/label><ul id=\"wpforms-2363-field_8\" class=\"wpforms-field-required\"><li class=\"choice-1 depth-1\"><input type=\"radio\" id=\"wpforms-2363-field_8_1\" name=\"wpforms[fields][8]\" value=\"Gen\u00e7 Akademisyenler Birli\u011fi&#039;nin \u00dcyesi\/G\u00f6n\u00fcll\u00fcs\u00fcy\u00fcm\" required ><label class=\"wpforms-field-label-inline\" for=\"wpforms-2363-field_8_1\">Gen\u00e7 Akademisyenler Birli\u011fi'nin \u00dcyesi\/G\u00f6n\u00fcll\u00fcs\u00fcy\u00fcm<\/label><\/li><\/ul><div class=\"wpforms-field-description\">\u00c7al\u0131\u015fma gruplar\u0131na kat\u0131lmak i\u00e7in derne\u011fimizin \u00fcyesi veya g\u00f6n\u00fcll\u00fcs\u00fc olman\u0131z gerekmektedir.<\/div><\/div><\/div><div class=\"wpforms-submit-container\"><input type=\"hidden\" name=\"wpforms[id]\" value=\"2363\"><input type=\"hidden\" name=\"wpforms[author]\" value=\"1\"><button type=\"submit\" name=\"wpforms[submit]\" id=\"wpforms-submit-2363\" class=\"wpforms-submit\" data-alt-text=\"G\u00f6nderiliyor...\" data-submit-text=\"G\u00f6nder\" aria-live=\"assertive\" value=\"wpforms-submit\">G\u00f6nder<\/button><\/div><\/form><\/div>  <!-- .wpforms-container -->\t\t<\/div>\n\t\t\t\t<\/div>\n\t\t\t\t\t\t<\/div>\n\t\t\t\t\t<\/div>\n\t\t<\/div>\n\t\t\t\t\t\t\t\t<\/div>\n\t\t\t\t\t<\/div>\n\t\t<\/section>\n\t\t\t\t<section class=\"elementor-section elementor-top-section elementor-element elementor-element-a53f6fb elementor-section-boxed elementor-section-height-default elementor-section-height-default\" data-id=\"a53f6fb\" data-element_type=\"section\" data-settings=\"{&quot;background_background&quot;:&quot;classic&quot;}\">\n\t\t\t\t\t\t\t<div class=\"elementor-background-overlay\"><\/div>\n\t\t\t\t\t\t\t<div class=\"elementor-container elementor-column-gap-no\">\n\t\t\t\t\t\t\t<div class=\"elementor-row\">\n\t\t\t\t\t<div class=\"elementor-column elementor-col-33 elementor-top-column elementor-element elementor-element-591f7d0\" data-id=\"591f7d0\" data-element_type=\"column\">\n\t\t\t<div class=\"elementor-column-wrap elementor-element-populated\">\n\t\t\t\t\t\t\t<div class=\"elementor-widget-wrap\">\n\t\t\t\t\t\t<div class=\"elementor-element elementor-element-90393fd elementor-view-stacked elementor-position-left elementor-shape-circle elementor-vertical-align-top elementor-widget elementor-widget-icon-box\" data-id=\"90393fd\" data-element_type=\"widget\" data-widget_type=\"icon-box.default\">\n\t\t\t\t<div class=\"elementor-widget-container\">\n\t\t\t\t\t<div class=\"elementor-icon-box-wrapper\">\n\t\t\t\t\t\t<div class=\"elementor-icon-box-icon\">\n\t\t\t\t<a class=\"elementor-icon elementor-animation-\" href=\"#\">\n\t\t\t\t<i aria-hidden=\"true\" class=\"fas fa-envelope-open-text\"><\/i>\t\t\t\t<\/a>\n\t\t\t<\/div>\n\t\t\t\t\t\t<div class=\"elementor-icon-box-content\">\n\t\t\t\t<h5 class=\"elementor-icon-box-title\">\n\t\t\t\t\t<a href=\"#\">Destek Program\u0131<\/a>\n\t\t\t\t<\/h5>\n\t\t\t\t\t\t\t\t<p class=\"elementor-icon-box-description\">Lisans e\u011fitimine devam eden ve akademisyen olmak isteyen \u00f6\u011frenciler bizlere ba\u015fvurarak \u00fccretsiz e\u011fitim alabilirler.\n\n<\/p>\n\t\t\t\t\t\t\t<\/div>\n\t\t<\/div>\n\t\t\t\t<\/div>\n\t\t\t\t<\/div>\n\t\t\t\t\t\t<\/div>\n\t\t\t\t\t<\/div>\n\t\t<\/div>\n\t\t\t\t<div class=\"elementor-column elementor-col-33 elementor-top-column elementor-element elementor-element-0199beb\" data-id=\"0199beb\" data-element_type=\"column\">\n\t\t\t<div class=\"elementor-column-wrap elementor-element-populated\">\n\t\t\t\t\t\t\t<div class=\"elementor-widget-wrap\">\n\t\t\t\t\t\t<div class=\"elementor-element elementor-element-dbb9845 elementor-view-stacked elementor-position-left elementor-shape-circle elementor-vertical-align-top elementor-widget elementor-widget-icon-box\" data-id=\"dbb9845\" data-element_type=\"widget\" data-widget_type=\"icon-box.default\">\n\t\t\t\t<div class=\"elementor-widget-container\">\n\t\t\t\t\t<div class=\"elementor-icon-box-wrapper\">\n\t\t\t\t\t\t<div class=\"elementor-icon-box-icon\">\n\t\t\t\t<a class=\"elementor-icon elementor-animation-\" href=\"https:\/\/gab.org.tr\/site\/gonullu-ol\/\">\n\t\t\t\t<i aria-hidden=\"true\" class=\"fas fa-clock\"><\/i>\t\t\t\t<\/a>\n\t\t\t<\/div>\n\t\t\t\t\t\t<div class=\"elementor-icon-box-content\">\n\t\t\t\t<h5 class=\"elementor-icon-box-title\">\n\t\t\t\t\t<a href=\"https:\/\/gab.org.tr\/site\/gonullu-ol\/\">G\u00f6n\u00fcll\u00fc Ol<\/a>\n\t\t\t\t<\/h5>\n\t\t\t\t\t\t\t\t<p class=\"elementor-icon-box-description\">Lisans ve lisans\u00fcst\u00fc e\u011fitimine devam edenler derne\u011fimizde g\u00f6n\u00fcll\u00fc olarak faaliyet g\u00f6sterebilir.\n\n<\/p>\n\t\t\t\t\t\t\t<\/div>\n\t\t<\/div>\n\t\t\t\t<\/div>\n\t\t\t\t<\/div>\n\t\t\t\t\t\t<\/div>\n\t\t\t\t\t<\/div>\n\t\t<\/div>\n\t\t\t\t<div class=\"elementor-column elementor-col-33 elementor-top-column elementor-element elementor-element-6a06582\" data-id=\"6a06582\" data-element_type=\"column\">\n\t\t\t<div class=\"elementor-column-wrap elementor-element-populated\">\n\t\t\t\t\t\t\t<div class=\"elementor-widget-wrap\">\n\t\t\t\t\t\t<div class=\"elementor-element elementor-element-db0e74f elementor-view-stacked elementor-position-left elementor-shape-circle elementor-vertical-align-top elementor-widget elementor-widget-icon-box\" data-id=\"db0e74f\" data-element_type=\"widget\" data-widget_type=\"icon-box.default\">\n\t\t\t\t<div class=\"elementor-widget-container\">\n\t\t\t\t\t<div class=\"elementor-icon-box-wrapper\">\n\t\t\t\t\t\t<div class=\"elementor-icon-box-icon\">\n\t\t\t\t<a class=\"elementor-icon elementor-animation-\" href=\"https:\/\/gab.org.tr\/site\/uyelik\/\">\n\t\t\t\t<i aria-hidden=\"true\" class=\"fas fa-book\"><\/i>\t\t\t\t<\/a>\n\t\t\t<\/div>\n\t\t\t\t\t\t<div class=\"elementor-icon-box-content\">\n\t\t\t\t<h5 class=\"elementor-icon-box-title\">\n\t\t\t\t\t<a href=\"https:\/\/gab.org.tr\/site\/uyelik\/\">\u00dcye Ol<\/a>\n\t\t\t\t<\/h5>\n\t\t\t\t\t\t\t\t<p class=\"elementor-icon-box-description\">Akademik personel ve lisans\u00fcst\u00fc e\u011fitimlerine devam edenler derne\u011fimize \u00fcye olabilir.\n\n<\/p>\n\t\t\t\t\t\t\t<\/div>\n\t\t<\/div>\n\t\t\t\t<\/div>\n\t\t\t\t<\/div>\n\t\t\t\t\t\t<\/div>\n\t\t\t\t\t<\/div>\n\t\t<\/div>\n\t\t\t\t\t\t\t\t<\/div>\n\t\t\t\t\t<\/div>\n\t\t<\/section>\n\t\t\t\t\t\t<\/div>\n\t\t\t\t\t\t<\/div>\n\t\t\t\t\t<\/div>\n\t\t","protected":false},"excerpt":{"rendered":"<p>Akademik \u00c7al\u0131\u015fma Grubu Kat\u0131l\u0131m Formu Akademik \u00c7al\u0131\u015fma Grubu Kat\u0131l\u0131m Formu Destek Program\u0131 Lisans e\u011fitimine devam eden ve akademisyen olmak isteyen \u00f6\u011frenciler bizlere ba\u015fvurarak \u00fccretsiz e\u011fitim alabilirler. G\u00f6n\u00fcll\u00fc Ol Lisans ve lisans\u00fcst\u00fc e\u011fitimine devam edenler derne\u011fimizde g\u00f6n\u00fcll\u00fc olarak faaliyet g\u00f6sterebilir. \u00dcye Ol Akademik personel ve lisans\u00fcst\u00fc e\u011fitimlerine devam edenler derne\u011fimize \u00fcye olabilir.<\/p>\n","protected":false},"author":1,"featured_media":0,"parent":0,"menu_order":0,"comment_status":"closed","ping_status":"closed","template":"","meta":{"_monsterinsights_skip_tracking":false,"_monsterinsights_sitenote_active":false,"_monsterinsights_sitenote_note":"","_monsterinsights_sitenote_category":0,"footnotes":""},"class_list":["post-2364","page","type-page","status-publish","hentry"],"_links":{"self":[{"href":"https:\/\/gab.org.tr\/site\/wp-json\/wp\/v2\/pages\/2364","targetHints":{"allow":["GET"]}}],"collection":[{"href":"https:\/\/gab.org.tr\/site\/wp-json\/wp\/v2\/pages"}],"about":[{"href":"https:\/\/gab.org.tr\/site\/wp-json\/wp\/v2\/types\/page"}],"author":[{"embeddable":true,"href":"https:\/\/gab.org.tr\/site\/wp-json\/wp\/v2\/users\/1"}],"replies":[{"embeddable":true,"href":"https:\/\/gab.org.tr\/site\/wp-json\/wp\/v2\/comments?post=2364"}],"version-history":[{"count":7,"href":"https:\/\/gab.org.tr\/site\/wp-json\/wp\/v2\/pages\/2364\/revisions"}],"predecessor-version":[{"id":2371,"href":"https:\/\/gab.org.tr\/site\/wp-json\/wp\/v2\/pages\/2364\/revisions\/2371"}],"wp:attachment":[{"href":"https:\/\/gab.org.tr\/site\/wp-json\/wp\/v2\/media?parent=2364"}],"curies":[{"name":"wp","href":"https:\/\/api.w.org\/{rel}","templated":true}]}}